{"id":2824,"date":"2017-12-06T15:44:02","date_gmt":"2017-12-06T15:44:02","guid":{"rendered":"https:\/\/boutique.notredamedelagarde.com\/?post_type=product&#038;p=2824\/"},"modified":"2023-05-24T14:28:40","modified_gmt":"2023-05-24T14:28:40","slug":"biblede-jerusalem-30e-au-lieu-de-39e","status":"publish","type":"product","link":"https:\/\/boutique.notredamedelagarde.com\/fr\/product\/biblede-jerusalem-30e-au-lieu-de-39e\/","title":{"rendered":"Bible de J\u00e9rusalem"},"content":{"rendered":"<p>La bible de J\u00e9rusalem est une traduction catholique, <br \/>\nr\u00e9alis\u00e9e sous la direction de l&rsquo;\u00c9cole Biblique de J\u00e9rusalem, recherchant autant la rigueur ex\u00e9g\u00e9tique que l&rsquo;\u00e9l\u00e9gance stylistique.<br \/>\nReliure souple havane.<br \/>\n\u00c9diteur Le Cerf.<\/p>\n","protected":false},"excerpt":{"rendered":"<p>La bible de J\u00e9rusalem est une traduction catholique, r\u00e9alis\u00e9e sous la direction de l&rsquo;\u00c9cole Biblique de J\u00e9rusalem, recherchant autant la rigueur ex\u00e9g\u00e9tique que l&rsquo;\u00e9l\u00e9gance stylistique. Reliure souple havane. \u00c9diteur Le Cerf.<\/p>\n","protected":false},"featured_media":2826,"template":"","meta":[],"product_cat":[31,67],"product_tag":[],"acf":[],"_links":{"self":[{"href":"https:\/\/boutique.notredamedelagarde.com\/fr\/wp-json\/wp\/v2\/product\/2824"}],"collection":[{"href":"https:\/\/boutique.notredamedelagarde.com\/fr\/wp-json\/wp\/v2\/product"}],"about":[{"href":"https:\/\/boutique.notredamedelagarde.com\/fr\/wp-json\/wp\/v2\/types\/product"}],"wp:featuredmedia":[{"embeddable":true,"href":"https:\/\/boutique.notredamedelagarde.com\/fr\/wp-json\/wp\/v2\/media\/2826"}],"wp:attachment":[{"href":"https:\/\/boutique.notredamedelagarde.com\/fr\/wp-json\/wp\/v2\/media?parent=2824"}],"wp:term":[{"taxonomy":"product_cat","embeddable":true,"href":"https:\/\/boutique.notredamedelagarde.com\/fr\/wp-json\/wp\/v2\/product_cat?post=2824"},{"taxonomy":"product_tag","embeddable":true,"href":"https:\/\/boutique.notredamedelagarde.com\/fr\/wp-json\/wp\/v2\/product_tag?post=2824"}],"curies":[{"name":"wp","href":"https:\/\/api.w.org\/{rel}","templated":true}]}}

Bible de Jérusalem

<p>La bible de Jérusalem est une traduction catholique, <br />
réalisée sous la direction de l&rsquo;École Biblique de Jérusalem, recherchant autant la rigueur exégétique que l&rsquo;élégance stylistique.<br />
Reliure souple havane.<br />
Éditeur Le Cerf.</p>

<p>La bible de Jérusalem est une traduction catholique, réalisée sous la direction de l&rsquo;École Biblique de Jérusalem, recherchant autant la rigueur exégétique que l&rsquo;élégance stylistique. Reliure souple havane. Éditeur Le Cerf.</p>
