{"id":3396,"date":"2018-11-10T13:08:11","date_gmt":"2018-11-10T13:08:11","guid":{"rendered":"https:\/\/boutique.notredamedelagarde.com\/?post_type=product&#038;p=3396\/"},"modified":"2026-03-20T07:52:41","modified_gmt":"2026-03-20T07:52:41","slug":"medaille-notre-dame-de-la-garde-ronde-facettee-argent-925","status":"publish","type":"product","link":"https:\/\/boutique.notredamedelagarde.com\/fr\/product\/medaille-notre-dame-de-la-garde-ronde-facettee-argent-925\/","title":{"rendered":"M\u00e9daille Notre-Dame de La Garde ronde facett\u00e9e &#8211; Argent 925 &#8211; \u00f816 mm"},"content":{"rendered":"<p>M\u00e9daille ronde facett\u00e9e Argent 925\/1000, Buste Notre-Dame de La Garde.<br \/>\nDiam\u00e8tre\u00a0: \u00d8\u00a016 mm.<br \/>\nFabrication fran\u00e7aise.<\/p>\n","protected":false},"excerpt":{"rendered":"<p>M\u00e9daille ronde facett\u00e9e Argent 925\/1000, Buste Notre-Dame de La Garde. Diam\u00e8tre\u00a0: \u00d8\u00a016 mm. Fabrication fran\u00e7aise.<\/p>\n","protected":false},"featured_media":3412,"template":"","meta":[],"product_cat":[56],"product_tag":[],"acf":[],"_links":{"self":[{"href":"https:\/\/boutique.notredamedelagarde.com\/fr\/wp-json\/wp\/v2\/product\/3396"}],"collection":[{"href":"https:\/\/boutique.notredamedelagarde.com\/fr\/wp-json\/wp\/v2\/product"}],"about":[{"href":"https:\/\/boutique.notredamedelagarde.com\/fr\/wp-json\/wp\/v2\/types\/product"}],"wp:featuredmedia":[{"embeddable":true,"href":"https:\/\/boutique.notredamedelagarde.com\/fr\/wp-json\/wp\/v2\/media\/3412"}],"wp:attachment":[{"href":"https:\/\/boutique.notredamedelagarde.com\/fr\/wp-json\/wp\/v2\/media?parent=3396"}],"wp:term":[{"taxonomy":"product_cat","embeddable":true,"href":"https:\/\/boutique.notredamedelagarde.com\/fr\/wp-json\/wp\/v2\/product_cat?post=3396"},{"taxonomy":"product_tag","embeddable":true,"href":"https:\/\/boutique.notredamedelagarde.com\/fr\/wp-json\/wp\/v2\/product_tag?post=3396"}],"curies":[{"name":"wp","href":"https:\/\/api.w.org\/{rel}","templated":true}]}}

Médaille Notre-Dame de La Garde ronde facettée &#8211; Argent 925 &#8211; ø16 mm

<p>Médaille ronde facettée Argent 925/1000, Buste Notre-Dame de La Garde.<br />
Diamètre : Ø 16 mm.<br />
Fabrication française.</p>

<p>Médaille ronde facettée Argent 925/1000, Buste Notre-Dame de La Garde. Diamètre : Ø 16 mm. Fabrication française.</p>
