{"id":6163,"date":"2021-04-08T11:19:56","date_gmt":"2021-04-08T11:19:56","guid":{"rendered":"https:\/\/boutique.notredamedelagarde.com\/?post_type=product&#038;p=6163\/"},"modified":"2024-09-07T12:26:08","modified_gmt":"2024-09-07T12:26:08","slug":"buste-de-la-vierge","status":"publish","type":"product","link":"https:\/\/boutique.notredamedelagarde.com\/fr\/product\/buste-de-la-vierge\/","title":{"rendered":"Buste de la Vierge"},"content":{"rendered":"<p>Buste de la Vierge en alb\u00e2tre.<br \/>\nHauteur : 28 cm<br \/>\nLargeur : 26 cm<br \/>\nProfondeur : 16 cm<br \/>\nSocle : 18 cm<br \/>\n6 kg<br \/>\nFabriqu\u00e9 en Gr\u00e8ce<\/p>\n","protected":false},"excerpt":{"rendered":"<p>Buste de la Vierge en alb\u00e2tre. Hauteur : 28 cm Largeur : 26 cm Profondeur : 16 cm Socle : 18 cm 6 kg Fabriqu\u00e9 en Gr\u00e8ce<\/p>\n","protected":false},"featured_media":6165,"template":"","meta":[],"product_cat":[140],"product_tag":[],"acf":[],"_links":{"self":[{"href":"https:\/\/boutique.notredamedelagarde.com\/fr\/wp-json\/wp\/v2\/product\/6163"}],"collection":[{"href":"https:\/\/boutique.notredamedelagarde.com\/fr\/wp-json\/wp\/v2\/product"}],"about":[{"href":"https:\/\/boutique.notredamedelagarde.com\/fr\/wp-json\/wp\/v2\/types\/product"}],"wp:featuredmedia":[{"embeddable":true,"href":"https:\/\/boutique.notredamedelagarde.com\/fr\/wp-json\/wp\/v2\/media\/6165"}],"wp:attachment":[{"href":"https:\/\/boutique.notredamedelagarde.com\/fr\/wp-json\/wp\/v2\/media?parent=6163"}],"wp:term":[{"taxonomy":"product_cat","embeddable":true,"href":"https:\/\/boutique.notredamedelagarde.com\/fr\/wp-json\/wp\/v2\/product_cat?post=6163"},{"taxonomy":"product_tag","embeddable":true,"href":"https:\/\/boutique.notredamedelagarde.com\/fr\/wp-json\/wp\/v2\/product_tag?post=6163"}],"curies":[{"name":"wp","href":"https:\/\/api.w.org\/{rel}","templated":true}]}}

<p>Buste de la Vierge en albâtre.<br />
Hauteur : 28 cm<br />
Largeur : 26 cm<br />
Profondeur : 16 cm<br />
Socle : 18 cm<br />
6 kg<br />
Fabriqué en Grèce</p>

<p>Buste de la Vierge en albâtre. Hauteur : 28 cm Largeur : 26 cm Profondeur : 16 cm Socle : 18 cm 6 kg Fabriqué en Grèce</p>
