{"id":7919,"date":"2023-12-18T08:07:49","date_gmt":"2023-12-18T08:07:49","guid":{"rendered":"https:\/\/boutique.notredamedelagarde.com\/?post_type=product&#038;p=7919"},"modified":"2025-02-08T16:24:50","modified_gmt":"2025-02-08T16:24:50","slug":"la-bonne-mere-de-marseille-effigies-de-notre-dame-de-la-garde","status":"publish","type":"product","link":"https:\/\/boutique.notredamedelagarde.com\/fr\/product\/la-bonne-mere-de-marseille-effigies-de-notre-dame-de-la-garde\/","title":{"rendered":"La Bonne m\u00e8re de Marseille. Effigies de Notre-Dame de la Garde"},"content":{"rendered":"<p>La Bonne M\u00e8re de Marseille : effigies de Notre-Dame de la Garde<\/p>\n<div class=\"mt-1\" data-v-017224ba=\"\">Auteurs : R\u00e9gis Bertrand, Laurent Noet, Jean-Michel Sanchez<\/div>\n<div class=\"mt-1\" data-v-017224ba=\"\">Editeur : Gaussen<br \/>\nDate de parution : 5 d\u00e9cembre 2023<\/div>\n<div data-v-017224ba=\"\"><\/div>\n<div data-v-017224ba=\"\">Description :<br \/>\n\u00ab\u00a0Le sanctuaire de Notre-Dame de la Garde poss\u00e8de, aujourd&rsquo;hui encore, plusieurs statues portant le vocable de Notre-Dame de la Garde.<br \/>\nLe pr\u00e9sent ouvrage retrace l&rsquo;histoire de ces diff\u00e9rentes effigies v\u00e9n\u00e9r\u00e9es par les fid\u00e8les. Il recense, par ailleurs, une partie des objets liturgiques, articles de pi\u00e9t\u00e9 et autres bibelots-souvenirs reprenant l&rsquo;image de la \u00ab\u00a0Bonne M\u00e8re\u00a0\u00bb de Marseille. Tous t\u00e9moignent de l&rsquo;immense ferveur qu&rsquo;elle suscite chez les Marseillais, chez les p\u00e8lerins de toutes nationalit\u00e9s et jusqu&rsquo;au pape Fran\u00e7ois lors de son voyage apostolique des 22-23 septembre 2023.\u00a0\u00bb<\/div>\n","protected":false},"excerpt":{"rendered":"<p>La Bonne M\u00e8re de Marseille : effigies de Notre-Dame de la Garde Auteurs : R\u00e9gis Bertrand, Laurent Noet, Jean-Michel Sanchez Editeur : Gaussen Date de parution : 5 d\u00e9cembre 2023 Description : \u00ab\u00a0Le sanctuaire de Notre-Dame de la Garde poss\u00e8de, aujourd&rsquo;hui encore, plusieurs statues portant le vocable de Notre-Dame de la Garde. Le pr\u00e9sent ouvrage [&hellip;]<\/p>\n","protected":false},"featured_media":7920,"template":"","meta":[],"product_cat":[31,82],"product_tag":[],"acf":[],"_links":{"self":[{"href":"https:\/\/boutique.notredamedelagarde.com\/fr\/wp-json\/wp\/v2\/product\/7919"}],"collection":[{"href":"https:\/\/boutique.notredamedelagarde.com\/fr\/wp-json\/wp\/v2\/product"}],"about":[{"href":"https:\/\/boutique.notredamedelagarde.com\/fr\/wp-json\/wp\/v2\/types\/product"}],"wp:featuredmedia":[{"embeddable":true,"href":"https:\/\/boutique.notredamedelagarde.com\/fr\/wp-json\/wp\/v2\/media\/7920"}],"wp:attachment":[{"href":"https:\/\/boutique.notredamedelagarde.com\/fr\/wp-json\/wp\/v2\/media?parent=7919"}],"wp:term":[{"taxonomy":"product_cat","embeddable":true,"href":"https:\/\/boutique.notredamedelagarde.com\/fr\/wp-json\/wp\/v2\/product_cat?post=7919"},{"taxonomy":"product_tag","embeddable":true,"href":"https:\/\/boutique.notredamedelagarde.com\/fr\/wp-json\/wp\/v2\/product_tag?post=7919"}],"curies":[{"name":"wp","href":"https:\/\/api.w.org\/{rel}","templated":true}]}}

La Bonne mère de Marseille. Effigies de Notre-Dame de la Garde

<p>La Bonne Mère de Marseille : effigies de Notre-Dame de la Garde</p>
<div class="mt-1" data-v-017224ba="">Auteurs : Régis Bertrand, Laurent Noet, Jean-Michel Sanchez</div>
<div class="mt-1" data-v-017224ba="">Editeur : Gaussen<br />
Date de parution : 5 décembre 2023</div>
<div data-v-017224ba=""></div>
<div data-v-017224ba="">Description :<br />
« Le sanctuaire de Notre-Dame de la Garde possède, aujourd&rsquo;hui encore, plusieurs statues portant le vocable de Notre-Dame de la Garde.<br />
Le présent ouvrage retrace l&rsquo;histoire de ces différentes effigies vénérées par les fidèles. Il recense, par ailleurs, une partie des objets liturgiques, articles de piété et autres bibelots-souvenirs reprenant l&rsquo;image de la « Bonne Mère » de Marseille. Tous témoignent de l&rsquo;immense ferveur qu&rsquo;elle suscite chez les Marseillais, chez les pèlerins de toutes nationalités et jusqu&rsquo;au pape François lors de son voyage apostolique des 22-23 septembre 2023. »</div>

<p>La Bonne Mère de Marseille : effigies de Notre-Dame de la Garde Auteurs : Régis Bertrand, Laurent Noet, Jean-Michel Sanchez Editeur : Gaussen Date de parution : 5 décembre 2023 Description : « Le sanctuaire de Notre-Dame de la Garde possède, aujourd&rsquo;hui encore, plusieurs statues portant le vocable de Notre-Dame de la Garde. Le présent ouvrage [&hellip;]</p>
