{"id":8009,"date":"2024-04-04T11:21:17","date_gmt":"2024-04-04T11:21:17","guid":{"rendered":"https:\/\/boutique.notredamedelagarde.com\/?post_type=product&#038;p=8009"},"modified":"2025-12-15T07:47:20","modified_gmt":"2025-12-15T07:47:20","slug":"statue-notre-dame-de-la-garde-en-albatre-beige-et-or","status":"publish","type":"product","link":"https:\/\/boutique.notredamedelagarde.com\/fr\/product\/statue-notre-dame-de-la-garde-en-albatre-beige-et-or\/","title":{"rendered":"Statue Notre-Dame de la Garde en alb\u00e2tre beige et or"},"content":{"rendered":"<p>Statue de Notre-Dame de la Garde, en alb\u00e2tre beige et or.<br \/>\nHauteur : 15 cm<br \/>\nFabriqu\u00e9 en Gr\u00e8ce<\/p>\n","protected":false},"excerpt":{"rendered":"<p>Statue de Notre-Dame de la Garde, en alb\u00e2tre beige et or. Hauteur : 15 cm Fabriqu\u00e9 en Gr\u00e8ce<\/p>\n","protected":false},"featured_media":8011,"template":"","meta":[],"product_cat":[37],"product_tag":[],"acf":[],"_links":{"self":[{"href":"https:\/\/boutique.notredamedelagarde.com\/fr\/wp-json\/wp\/v2\/product\/8009"}],"collection":[{"href":"https:\/\/boutique.notredamedelagarde.com\/fr\/wp-json\/wp\/v2\/product"}],"about":[{"href":"https:\/\/boutique.notredamedelagarde.com\/fr\/wp-json\/wp\/v2\/types\/product"}],"wp:featuredmedia":[{"embeddable":true,"href":"https:\/\/boutique.notredamedelagarde.com\/fr\/wp-json\/wp\/v2\/media\/8011"}],"wp:attachment":[{"href":"https:\/\/boutique.notredamedelagarde.com\/fr\/wp-json\/wp\/v2\/media?parent=8009"}],"wp:term":[{"taxonomy":"product_cat","embeddable":true,"href":"https:\/\/boutique.notredamedelagarde.com\/fr\/wp-json\/wp\/v2\/product_cat?post=8009"},{"taxonomy":"product_tag","embeddable":true,"href":"https:\/\/boutique.notredamedelagarde.com\/fr\/wp-json\/wp\/v2\/product_tag?post=8009"}],"curies":[{"name":"wp","href":"https:\/\/api.w.org\/{rel}","templated":true}]}}

Statue Notre-Dame de la Garde en albâtre beige et or

<p>Statue de Notre-Dame de la Garde, en albâtre beige et or.<br />
Hauteur : 15 cm<br />
Fabriqué en Grèce</p>

<p>Statue de Notre-Dame de la Garde, en albâtre beige et or. Hauteur : 15 cm Fabriqué en Grèce</p>
